 v.
2
Let k(d) = 64*d - 106. Let b(x) = -13*x + 21. Let u(j) = 14*b(j) + 3*k(j). What is the remainder when u(22) is divided by 33?
31
Suppose -3*n = 5*i - 1 + 7, -5*n = -5*i - 30. Let y(o) = -o**3 + 5*o**2 - 4*o. What is the remainder when 16 is divided by y(n)?
4
Let r(q) = -2*q + 7. Let n be r(-8). Suppose 0 = -7*c + 149 - n. What is the remainder when 33 is divided by c?
15
Let k = 4 + -3. Suppose -5 - k = l. Let w = l - -25. What is the remainder when 74 is divided by w?
17
Let z be ((-30)/8)/5*-32. What is the remainder when (z/14)/((-2)/(-63)) is divided by 15?
9
Let k = 288 + -264. What is the remainder when 104 is divided by k?
8
Let a = 2 - -9. Let g(t) = 29*t + 162. What is the remainder when g(-5) is divided by a?
6
Calculate the remainder when -66*(-9)/((-162)/(-24)) is divided by 15.
13
Let m = 212 - 197. What is the remainder when 1197 is divided by m?
12
Suppose -2*y + q + 54 = -23, -q - 116 = -3*y. What is the remainder when 230 is divided by y?
35
Let b(c) = -c**2 - 9*c. Suppose j - 62 = -10. What is the remainder when j is divided by b(-6)?
16
Let x = -10 - -21. Suppose -2*j - h + 5*h = 24, 125 = -5*j - 3*h. What is the remainder when (-904)/j - 22/242 is divided by x?
8
Suppose 4 = -c + 12. Calculate the remainder when c is divided by -5 - -8 - 4/(-2).
3
Suppose 0 = p + 5*r - 2*r - 33, 4 = -2*r. Let w(a) = -a**3 + 3*a**2 + 2*a + 4. What is the remainder when p is divided by w(3)?
9
Suppose 4*f - 220 = -4*c, c - 33 - 30 = f. Calculate the remainder when 227 is divided by c.
50
What is the remainder when 4 is divided by 2 - 12/9 - 10/(-3)?
0
Let n = 11 + -9. Let g be -27*(n - (-3)/(-3)). Let u = g - -48. Calculate the remainder when 41 is divided by u.
20
Suppose -b - 6*p + 21 = -8*p, -p = -3*b + 38. What is the remainder when 382 is divided by b?
8
Let n(d) = -d**3 - 5*d**2 + d - 2. Let p be n(-3). Let g = 5 - p. What is the remainder when g is divided by 8?
4
Suppose 0 = b - 110 + 50. Suppose 13*j - 11*j = b. Let k(s) = s + 6. Calculate the remainder when j is divided by k(5).
8
Suppose -4880 = 53*i - 63*i. Calculate the remainder when i is divided by 126.
110
Let z = 51 + 32. Let w = z + -71. Let h = 18 + 29. What is the remainder when h is divided by w?
11
Let q = -20 - -16. Calculate the remainder when -3*(-2)/6*2 is divided by -4 + 3 + -1 - q.
0
Let f be (-2)/(-10) + (-70)/(-25). Let m(o) = o**3 - 4*o**2 + 4*o + 3. Calculate the remainder when 21 is divided by m(f).
3
Calculate the remainder when (-2)/2 - 9720/(-24) is divided by 100.
4
Let f be (1 + (-7)/5)*-5. Suppose -50 = -4*r - f. Suppose 44*m - 69*m + 125 = 0. What is the remainder when r is divided by m?
2
Let v = 31 + 5. What is the remainder when (-2)/(-9) + -3 + (-970)/(-9) is divided by v?
33
Suppose 15*i = -50*i + 8580. What is the remainder when i is divided by 121?
11
Let j(x) = 7*x**3 + 3*x**2 + x + 2997. Calculate the remainder when j(0) is divided by 100.
97
Suppose -118 = -4*b - 2*z, z - 2*z = 3*b - 89. What is the remainder when 237 is divided by b?
27
Suppose -209*c + 38 + 2402 = -1113. Suppose -183 - 57 = -5*w. What is the remainder when w is divided by c?
14
Let a = -2541 - -2546. What is the remainder when 669 is divided by a?
4
Let l be (-512)/36 - 6/(-27). Let i(z) = -z**3 + 9*z**2 + 12*z - 21. Let b be i(10). Let t = b - l. What is the remainder when 36 is divided by t?
10
Let v = 1 + 1. Suppose -x = -34 - 17. Suppose r = -v*r + x. What is the remainder when 65 is divided by r?
14
Suppose -5*r + 6*r + 2*k - 80 = 0, 2*r - 169 = -k. What is the remainder when r is divided by 10?
6
Let i = -1304 + 1314. What is the remainder when (-284)/(-18) - (-2)/9 is divided by i?
6
Let f = 26 - 0. Suppose 299*x - 287*x - 120 = 0. Calculate the remainder when f is divided by x.
6
Let p = -13 - -19. Let h be (6*(-3)/p)/(-1). Suppose h*b - 7*b = -32. What is the remainder when 21 is divided by b?
5
Suppose -2*u + 232 = -158. Suppose 3*n - u + 36 = 0. Calculate the remainder when n is divided by 14.
11
Let n(i) = i + 2. Let g be n(-1). Let r = g - -12. Calculate the remainder when 76 is divided by r.
11
Suppose 21 = -4*n - 5*q - 16, -5*q = -3*n + 16. Suppose -3*b + 2*b + 15 = 0. What is the remainder when ((-3)/(-6))/(n/(-174)) is divided by b?
14
Let h(z) = 1 + z**2 + 13 - 7 - 2*z. What is the remainder when h(0) is divided by 6?
1
Let p(f) = -13*f**2 + 29*f - 4. Suppose -c + 12 = 4*d - 4*c, -2*d - c + 6 = 0. What is the remainder when p(1) is divided by d?
0
Let u be (-27)/6*5*-2. Suppose -3*g - u = -6*g. Let r = 119 - 61. Calculate the remainder when r is divided by g.
13
What is the remainder when 1033 is divided by 2/(-7)*(-13)/(-26)*-518?
71
Calculate the remainder when (2145/(-78))/((-1)/2) is divided by 7.
6
Suppose -6*i - 4*t + 33 = -i, 14 = 2*i + 2*t. Suppose -5*r + 5*p = -0*p - 100, 4*r - i*p - 82 = 0. Let h = 0 + 34. What is the remainder when h is divided by r?
16
Suppose 3*f + 205 = 4*x, 2*f + 3*f = -5*x + 300. Let p be -33 + 4/(-7 - -3). Let l = -20 - p. What is the remainder when x is divided by l?
13
Suppose -27*i = -29*i + 138. What is the remainder when i is divided by 19?
12
Let h(g) = 3*g - 26. Let j(w) = -2*w + 13. Let s(y) = 3*h(y) + 5*j(y). Let a be s(-9). Calculate the remainder when 46 is divided by (a + 28/8)*-48.
22
Let c = -156 - -176. Calculate the remainder when 67 is divided by c.
7
Let n(h) = -2*h**2 + 58*h - 3. What is the remainder when 73 is divided by n(28)?
20
Suppose -4*n = -2*y + 28, n = -y + 34 - 14. What is the remainder when 285 is divided by y?
15
Let m(g) be the second derivative of 7*g**4/12 - 13*g. Calculate the remainder when 39 is divided by m(-1).
4
Suppose 258 = 42*n - 36. What is the remainder when 45 is divided by n?
3
Let b = -13 - -17. Suppose b*f - 36 = -5*f. Calculate the remainder when f is divided by 1 + (1 - 0)*1.
0
Suppose 0 = 40*c - 38*c - 46. What is the remainder when 873 is divided by c?
22
Let m = 15 - 9. Let o(t) = -t**3 - 5*t**2 + 9*t + 4. Let f be o(-7). Let a = -23 + f. Calculate the remainder when a is divided by m.
4
Suppose 4*p + c - 2*c - 53 = 0, 2*p + 4*c = 22. Let a be 2 + (-4 - 0/4). Let i = a - -38. What is the remainder when i is divided by p?
10
Let c = -3 + 8. Let k = c - 2. Suppose 5*x - k*q = 60, x = -3*q + 6 + 24. What is the remainder when 57 is divided by x?
12
Let j = -10 - -11. Suppose 4*u + 5 = -3, -2*z + 2*u = -12. Calculate the remainder when -3*j + (-52)/(-4) is divided by z.
2
Suppose 0 = 3*f - 7 - 2. Let p be f*2*(-32)/48. Calculate the remainder when 1285/25 - p/(-10) is divided by 13.
12
Let v = 49 + -43. Suppose 2*c = -5*w + 93, w = -2*c + v*w + 103. What is the remainder when c is divided by 17?
15
Calculate the remainder when 194/(-5)*(-55)/22 is divided by 39.
19
Let s(q) = q**3 + 8*q**2 + 5*q + 3. Let p be s(-3). Suppose -165 = -6*u - p. What is the remainder when u is divided by 12?
10
Let l(f) = 7*f**2 + 6*f + 3. Calculate the remainder when l(-2) is divided by -2 + 301/49 + 1/(-7).
3
Let m(p) be the first derivative of -2*p**3/3 + 6*p**2 - 10*p - 1. Calculate the remainder when 8 is divided by m(4).
2
Suppose -3*y + 2*n - 7*n = -305, 0 = -n - 2. Calculate the remainder when y is divided by 37.
31
Let p(v) = -v**3 - 11*v**2 - 2*v - 12. Let g be p(-11). Suppose 282 = -g*c + 13*c. Let w(x) = 11*x + 2. Calculate the remainder when c is divided by w(2).
22
Let q(n) = -4*n + 123. What is the remainder when q(-6) is divided by 38?
33
Suppose -6*q - 90 = -q. Let n = 6 + q. What is the remainder when 10 is divided by 2/(-4)*(-2 + n)?
3
Let t = -6 - -2. What is the remainder when 74 is divided by t*(-1 + 2)*-5?
14
Let w(m) = 7*m - 9. Let q be w(8). Let j = 74 - q. Suppose j = 4*l - 1. Calculate the remainder when l is divided by 5.
2
Let f be 5/20 + (-54)/(-8). Let b = -5 + f. Suppose z - b*z = -14. What is the remainder when z is divided by 8?
6
Suppose -5*s = -4*v + 109, 3*s = v + s - 28. What is the remainder when 98 is divided by v?
20
What is the remainder when 82 is divided by (36/(-30))/(46/(-20) - -2)?
2
Suppose 23*p - 978 = 1621. What is the remainder when 1008 is divided by p?
104
Suppose 12824*n - 45 = 12815*n. Let m = -8 + 13. What is the remainder when m is divided by n?
0
Let z(b) = -2*b + 6. Let m be z(-8). Suppose m = 7*s - 517. Calculate the remaind